{"id":2049,"date":"2024-09-08T17:13:13","date_gmt":"2024-09-08T15:13:13","guid":{"rendered":"https:\/\/jessmarket.fr\/?post_type=product&#038;p=2049"},"modified":"2024-09-30T21:13:02","modified_gmt":"2024-09-30T19:13:02","slug":"bougie-neuvaine-sainte-therese-20-cm-de-hauteur-0-50-g","status":"publish","type":"product","link":"https:\/\/jessmarket.fr\/index.php\/produit\/bougie-neuvaine-sainte-therese-20-cm-de-hauteur-0-50-g\/","title":{"rendered":"BOUGIE NEUVAINE SAINTE THERESE  20 cm de hauteur 0.50 g"},"content":{"rendered":"<div class=\"flex max-w-full flex-col flex-grow\">\n<div class=\"min-h-[20px] text-message flex w-full flex-col items-end gap-2 break-words [.text-message+&amp;]:mt-5 overflow-x-auto whitespace-normal\" dir=\"auto\" data-message-author-role=\"assistant\" data-message-id=\"96c1b004-b3db-4e86-8a21-77443790baab\">\n<div class=\"flex w-full flex-col gap-1 empty:hidden first:pt-[3px]\">\n<div class=\"markdown prose w-full break-words dark:prose-invert light\">\n<div class=\"flex max-w-full flex-col flex-grow\">\n<div class=\"min-h-[20px] text-message flex w-full flex-col items-end gap-2 whitespace-normal break-words [.text-message+&amp;]:mt-5\" dir=\"auto\" data-message-author-role=\"assistant\" data-message-id=\"a4be05bb-0248-4a50-bfcf-8a750d1b37cf\">\n<div class=\"flex w-full flex-col gap-1 empty:hidden first:pt-[3px]\">\n<div class=\"markdown prose w-full break-words dark:prose-invert light\">\n<p>&nbsp;<\/p>\n<p>La <strong>Bougie de Neuvaine Sainte Th\u00e9r\u00e8se<\/strong>, fabriqu\u00e9e \u00e0 partir d&rsquo;huile v\u00e9g\u00e9tale, est con\u00e7ue pour accompagner vos pri\u00e8res et moments de recueillement sur une dur\u00e9e de 9 jours. Parfaite pour vos d\u00e9votions, elle incarne la lumi\u00e8re spirituelle et apporte une atmosph\u00e8re de paix dans votre int\u00e9rieur. D\u00e9couvrez \u00e9galement notre gamme de bougies d\u00e9di\u00e9es \u00e0 d&rsquo;autres saints patrons sur notre site.<\/p>\n<ul>\n<li><strong>Hauteur<\/strong> : environ 20 cm<\/li>\n<li><strong>Dur\u00e9e de combustion<\/strong> : 9 jours<\/li>\n<li><strong>Cire de qualit\u00e9 sup\u00e9rieure<\/strong> pour une combustion longue et r\u00e9guli\u00e8re<\/li>\n<li><strong>M\u00e8che en coton pur<\/strong> pour une flamme propre et sans fum\u00e9e<\/li>\n<li>Id\u00e9ale pour <strong>neuvaines, pri\u00e8res<\/strong> ou pour cr\u00e9er une ambiance spirituelle chez vous<\/li>\n<\/ul>\n<p>Commandez d\u00e8s maintenant votre <strong>bougie de Neuvaine Sainte Th\u00e9r\u00e8se<\/strong> et plongez dans un environnement de paix et de s\u00e9r\u00e9nit\u00e9.<\/p>\n<\/div>\n<\/div>\n<\/div>\n<\/div>\n<div class=\"mt-1 flex gap-3 empty:hidden -ml-2\">\n<div class=\"items-center justify-start rounded-xl p-1 flex\">\n<div class=\"flex items-center\"><\/div>\n<\/div>\n<\/div>\n<ul>\n<li>Poids : 50g<\/li>\n<\/ul>\n<\/div>\n<\/div>\n<\/div>\n<\/div>\n<div class=\"mt-1 flex gap-3 empty:hidden -ml-2\">\n<div class=\"items-center justify-start rounded-xl p-1 flex\">\n<div class=\"flex items-center\"><\/div>\n<\/div>\n<\/div>\n","protected":false},"excerpt":{"rendered":"<p>BOUGIE NEUVAINE SAINTE THERESE 20 cm de hauteur 0.50 g 3257990110685<\/p>\n","protected":false},"featured_media":2170,"comment_status":"open","ping_status":"closed","template":"","meta":{"om_disable_all_campaigns":false,"_monsterinsights_skip_tracking":false,"_monsterinsights_sitenote_active":false,"_monsterinsights_sitenote_note":"","_monsterinsights_sitenote_category":0,"_uf_show_specific_survey":0,"_uf_disable_surveys":false},"product_brand":[],"product_cat":[46],"product_tag":[],"class_list":{"0":"post-2049","1":"product","2":"type-product","3":"status-publish","4":"has-post-thumbnail","6":"product_cat-articles-religieux","7":"product_shipping_class-livraison-programmees-sur-1-a-4-jours","9":"first","10":"instock","11":"featured","12":"shipping-taxable","13":"purchasable","14":"product-type-simple"},"aioseo_notices":[],"jetpack_sharing_enabled":true,"_links":{"self":[{"href":"https:\/\/jessmarket.fr\/index.php\/wp-json\/wp\/v2\/product\/2049","targetHints":{"allow":["GET"]}}],"collection":[{"href":"https:\/\/jessmarket.fr\/index.php\/wp-json\/wp\/v2\/product"}],"about":[{"href":"https:\/\/jessmarket.fr\/index.php\/wp-json\/wp\/v2\/types\/product"}],"replies":[{"embeddable":true,"href":"https:\/\/jessmarket.fr\/index.php\/wp-json\/wp\/v2\/comments?post=2049"}],"wp:featuredmedia":[{"embeddable":true,"href":"https:\/\/jessmarket.fr\/index.php\/wp-json\/wp\/v2\/media\/2170"}],"wp:attachment":[{"href":"https:\/\/jessmarket.fr\/index.php\/wp-json\/wp\/v2\/media?parent=2049"}],"wp:term":[{"taxonomy":"product_brand","embeddable":true,"href":"https:\/\/jessmarket.fr\/index.php\/wp-json\/wp\/v2\/product_brand?post=2049"},{"taxonomy":"product_cat","embeddable":true,"href":"https:\/\/jessmarket.fr\/index.php\/wp-json\/wp\/v2\/product_cat?post=2049"},{"taxonomy":"product_tag","embeddable":true,"href":"https:\/\/jessmarket.fr\/index.php\/wp-json\/wp\/v2\/product_tag?post=2049"}],"curies":[{"name":"wp","href":"https:\/\/api.w.org\/{rel}","templated":true}]}}