{"id":2026,"date":"2024-08-26T21:00:47","date_gmt":"2024-08-26T19:00:47","guid":{"rendered":"https:\/\/jessmarket.fr\/?post_type=product&#038;p=2026"},"modified":"2024-08-26T21:04:51","modified_gmt":"2024-08-26T19:04:51","slug":"activilong-actiforce-bain-dhuiles-150-ml","status":"publish","type":"product","link":"https:\/\/jessmarket.fr\/index.php\/produit\/activilong-actiforce-bain-dhuiles-150-ml\/","title":{"rendered":"Activilong Actiforce Bain d&rsquo;huiles 150 ml"},"content":{"rendered":"<p><em><strong> Activilong Actiforce Bain d&rsquo;huiles 150 ml<\/strong><\/em><\/p>\n<p>Activilong Actiforce &#8211; Bain d&rsquo;Huiles Cheveux secs ternes abim\u00e9s<\/p>\n<p>&nbsp;<\/p>\n<div class=\"flex max-w-full flex-col flex-grow\">\n<div class=\"min-h-[20px] text-message flex w-full flex-col items-end gap-2 break-words [.text-message+&amp;]:mt-5 overflow-x-auto whitespace-normal\" dir=\"auto\" data-message-author-role=\"assistant\" data-message-id=\"96c1b004-b3db-4e86-8a21-77443790baab\">\n<div class=\"flex w-full flex-col gap-1 empty:hidden first:pt-[3px]\">\n<div class=\"markdown prose w-full break-words dark:prose-invert light\">\n<p><strong>Bain d&rsquo;Huiles Carapate et Sapote &#8211; Activilong Actiforce Soin Profond aux Pures Huiles V\u00e9g\u00e9tales<\/strong><\/p>\n<p><strong>97% d\u2019origine naturelle<\/strong><\/p>\n<p>Le Bain d\u2019Huiles Actiforce d\u2019Activilong combine des huiles v\u00e9g\u00e9tales pures \u2013 Olive, Ricin, Carapate, Sapote, Avocat et S\u00e9same \u2013 pour r\u00e9pondre aux besoins des cheveux les plus secs, ternes et cassants. Cette formule enrichie nourrit en profondeur, hydrate, prot\u00e8ge et apaise. Vos cheveux retrouvent vitalit\u00e9 et brillance, renforc\u00e9s et restaur\u00e9s.<\/p>\n<p><strong>Formul\u00e9 sous contr\u00f4le pharmaceutique, sans silicone ni huile min\u00e9rale.<\/strong><\/p>\n<p><strong>Flacon de 150 ml<\/strong><\/p>\n<p><strong>Principaux actifs :<\/strong><\/p>\n<ul>\n<li><strong>Huile d&rsquo;Avocat<\/strong> : L\u2019huile d\u2019avocat est la solution id\u00e9ale pour les cheveux secs, ternes et ab\u00eem\u00e9s. Elle les adoucit, hydrate et apporte vigueur et brillance. En massage sur le cuir chevelu, elle fortifie les follicules, ralentit la chute et stimule la croissance. Riche en acides gras essentiels, prot\u00e9ines et vitamines, l\u2019huile d\u2019avocat est un v\u00e9ritable atout pour votre chevelure.<\/li>\n<li><strong>Huile d&rsquo;Olive (Olea Europaea)<\/strong> : Nourrissante, adoucissante et \u00e9molliente, l\u2019huile d\u2019olive conf\u00e8re force et brillance aux cheveux, tout en les prot\u00e9geant et les r\u00e9parant.<\/li>\n<li><strong>Huile de Ricin (Castor Oil \/ Carapate)<\/strong> : Gr\u00e2ce \u00e0 sa richesse en acides gras essentiels et en min\u00e9raux, l\u2019huile de ricin hydrate, nourrit et favorise la croissance d\u2019une chevelure forte et saine.<\/li>\n<li><strong>Beurre de Sapote (Pouteria Sapota)<\/strong> : Traditionnellement utilis\u00e9 en Am\u00e9rique centrale et aux Cara\u00efbes, le beurre de sapote apaise les cuirs chevelus sensibles, ralentit la chute des cheveux, nourrit, fortifie, facilite le d\u00e9m\u00ealage et apporte douceur et brillance aux cheveux secs, boucl\u00e9s, fris\u00e9s et cr\u00e9pus.<\/li>\n<\/ul>\n<p>&nbsp;<\/p>\n<ul>\n<li>Poids : 150 g<\/li>\n<\/ul>\n<\/div>\n<\/div>\n<\/div>\n<\/div>\n<div class=\"mt-1 flex gap-3 empty:hidden -ml-2\">\n<div class=\"items-center justify-start rounded-xl p-1 flex\">\n<div class=\"flex items-center\"><\/div>\n<\/div>\n<\/div>\n","protected":false},"excerpt":{"rendered":"<p>Activilong Actiforce Bain d&rsquo;huiles 150 ml 3567730300185<\/p>\n","protected":false},"featured_media":2024,"comment_status":"open","ping_status":"closed","template":"","meta":{"om_disable_all_campaigns":false,"_monsterinsights_skip_tracking":false,"_monsterinsights_sitenote_active":false,"_monsterinsights_sitenote_note":"","_monsterinsights_sitenote_category":0,"_uf_show_specific_survey":0,"_uf_disable_surveys":false},"product_brand":[],"product_cat":[26],"product_tag":[],"class_list":{"0":"post-2026","1":"product","2":"type-product","3":"status-publish","4":"has-post-thumbnail","6":"product_cat-cosmetique-coiffures-cremes-huiles-afro","7":"product_shipping_class-livraison-programmees-sur-1-a-4-jours","9":"first","10":"instock","11":"featured","12":"shipping-taxable","13":"purchasable","14":"product-type-simple"},"aioseo_notices":[],"jetpack_sharing_enabled":true,"_links":{"self":[{"href":"https:\/\/jessmarket.fr\/index.php\/wp-json\/wp\/v2\/product\/2026","targetHints":{"allow":["GET"]}}],"collection":[{"href":"https:\/\/jessmarket.fr\/index.php\/wp-json\/wp\/v2\/product"}],"about":[{"href":"https:\/\/jessmarket.fr\/index.php\/wp-json\/wp\/v2\/types\/product"}],"replies":[{"embeddable":true,"href":"https:\/\/jessmarket.fr\/index.php\/wp-json\/wp\/v2\/comments?post=2026"}],"wp:featuredmedia":[{"embeddable":true,"href":"https:\/\/jessmarket.fr\/index.php\/wp-json\/wp\/v2\/media\/2024"}],"wp:attachment":[{"href":"https:\/\/jessmarket.fr\/index.php\/wp-json\/wp\/v2\/media?parent=2026"}],"wp:term":[{"taxonomy":"product_brand","embeddable":true,"href":"https:\/\/jessmarket.fr\/index.php\/wp-json\/wp\/v2\/product_brand?post=2026"},{"taxonomy":"product_cat","embeddable":true,"href":"https:\/\/jessmarket.fr\/index.php\/wp-json\/wp\/v2\/product_cat?post=2026"},{"taxonomy":"product_tag","embeddable":true,"href":"https:\/\/jessmarket.fr\/index.php\/wp-json\/wp\/v2\/product_tag?post=2026"}],"curies":[{"name":"wp","href":"https:\/\/api.w.org\/{rel}","templated":true}]}}