{"id":2008,"date":"2024-08-25T19:35:45","date_gmt":"2024-08-25T17:35:45","guid":{"rendered":"https:\/\/jessmarket.fr\/?post_type=product&#038;p=2008"},"modified":"2024-08-25T19:47:55","modified_gmt":"2024-08-25T17:47:55","slug":"2-jours-propre-200-g","status":"publish","type":"product","link":"https:\/\/jessmarket.fr\/index.php\/produit\/2-jours-propre-200-g\/","title":{"rendered":"2 JOURS PROPRE 200 g"},"content":{"rendered":"<p><em><strong>2 JOURS PROPRE 200 g<\/strong><\/em><\/p>\n<p style=\"text-align: center;\">Savon Gommant Clarifiant &amp; \u00c9claircissant \u00e0 la Carotte Extra Fort<\/p>\n<p style=\"text-align: center;\">Enrichi en extraits de carotte et d&rsquo;ingr\u00e9dients naturels, ce savon gommant agit en douceur pour \u00e9claircir le teint et r\u00e9v\u00e9ler une peau \u00e9clatante. Gr\u00e2ce \u00e0 sa formule puissante, il aide \u00e0 att\u00e9nuer les taches brunes et les rides, laissant votre peau lisse, lumineuse et revitalis\u00e9e. Id\u00e9al pour une utilisation quotidienne, ce savon extra fort nettoie en profondeur tout en prenant soin de votre peau.<\/p>\n","protected":false},"excerpt":{"rendered":"<p>2 JOURS PROPRE 200 g<\/p>\n","protected":false},"featured_media":2010,"comment_status":"open","ping_status":"closed","template":"","meta":{"om_disable_all_campaigns":false,"_monsterinsights_skip_tracking":false,"_monsterinsights_sitenote_active":false,"_monsterinsights_sitenote_note":"","_monsterinsights_sitenote_category":0,"_uf_show_specific_survey":0,"_uf_disable_surveys":false},"product_brand":[],"product_cat":[26],"product_tag":[],"class_list":{"0":"post-2008","1":"product","2":"type-product","3":"status-publish","4":"has-post-thumbnail","6":"product_cat-cosmetique-coiffures-cremes-huiles-afro","7":"product_shipping_class-livraison-programmees-sur-1-a-4-jours","9":"first","10":"instock","11":"featured","12":"shipping-taxable","13":"purchasable","14":"product-type-simple"},"aioseo_notices":[],"jetpack_sharing_enabled":true,"_links":{"self":[{"href":"https:\/\/jessmarket.fr\/index.php\/wp-json\/wp\/v2\/product\/2008","targetHints":{"allow":["GET"]}}],"collection":[{"href":"https:\/\/jessmarket.fr\/index.php\/wp-json\/wp\/v2\/product"}],"about":[{"href":"https:\/\/jessmarket.fr\/index.php\/wp-json\/wp\/v2\/types\/product"}],"replies":[{"embeddable":true,"href":"https:\/\/jessmarket.fr\/index.php\/wp-json\/wp\/v2\/comments?post=2008"}],"wp:featuredmedia":[{"embeddable":true,"href":"https:\/\/jessmarket.fr\/index.php\/wp-json\/wp\/v2\/media\/2010"}],"wp:attachment":[{"href":"https:\/\/jessmarket.fr\/index.php\/wp-json\/wp\/v2\/media?parent=2008"}],"wp:term":[{"taxonomy":"product_brand","embeddable":true,"href":"https:\/\/jessmarket.fr\/index.php\/wp-json\/wp\/v2\/product_brand?post=2008"},{"taxonomy":"product_cat","embeddable":true,"href":"https:\/\/jessmarket.fr\/index.php\/wp-json\/wp\/v2\/product_cat?post=2008"},{"taxonomy":"product_tag","embeddable":true,"href":"https:\/\/jessmarket.fr\/index.php\/wp-json\/wp\/v2\/product_tag?post=2008"}],"curies":[{"name":"wp","href":"https:\/\/api.w.org\/{rel}","templated":true}]}}