{"id":2002,"date":"2024-08-24T22:12:52","date_gmt":"2024-08-24T20:12:52","guid":{"rendered":"https:\/\/jessmarket.fr\/?post_type=product&#038;p=2002"},"modified":"2024-08-25T19:12:02","modified_gmt":"2024-08-25T17:12:02","slug":"yari-beurre-karite-huile-essentielle-citron-100-250-ml","status":"publish","type":"product","link":"https:\/\/jessmarket.fr\/index.php\/produit\/yari-beurre-karite-huile-essentielle-citron-100-250-ml\/","title":{"rendered":"YARI Beurre Karit\u00e9 &#038; Huile Essentielle Citron 100% 250 ml"},"content":{"rendered":"<p><em><strong>YARI Beurre de Karit\u00e9 &amp; Huile Essentielle de Citron 100% 250 ml<\/strong><\/em><\/p>\n<p>&nbsp;<\/p>\n<p style=\"text-align: center;\">YARI Beurre de Karit\u00e9 &amp; Huile Essentielle de Citron 100%<\/p>\n<p style=\"text-align: center;\">L&rsquo;huile de Citron de la marque YARI est votre alli\u00e9e beaut\u00e9 aux multiples bienfaits.<\/p>\n<p style=\"text-align: center;\">Gr\u00e2ce \u00e0 ses propri\u00e9t\u00e9s antibact\u00e9riennes, elle purifie la peau en profondeur, en faisant un choix id\u00e9al pour les peaux sujettes \u00e0 l&rsquo;acn\u00e9.<\/p>\n<p style=\"text-align: center;\">Cette huile lutte efficacement contre les pellicules et aide \u00e0 pr\u00e9venir la chute des cheveux, pour une chevelure plus saine et plus forte.<\/p>\n<p style=\"text-align: center;\">Utilisez la pour revitaliser votre routine de soin et profiter d&rsquo;une peau et de cheveux \u00e9clatants de sant\u00e9.<\/p>\n","protected":false},"excerpt":{"rendered":"<p><em><strong>YARI Beurre de Karit\u00e9 &amp; Huile Essentielle de Citron 100% 250 ml<\/strong><\/em><\/p>\n","protected":false},"featured_media":1983,"comment_status":"open","ping_status":"closed","template":"","meta":{"om_disable_all_campaigns":false,"_monsterinsights_skip_tracking":false,"_monsterinsights_sitenote_active":false,"_monsterinsights_sitenote_note":"","_monsterinsights_sitenote_category":0,"_uf_show_specific_survey":0,"_uf_disable_surveys":false},"product_brand":[],"product_cat":[26],"product_tag":[],"class_list":{"0":"post-2002","1":"product","2":"type-product","3":"status-publish","4":"has-post-thumbnail","6":"product_cat-cosmetique-coiffures-cremes-huiles-afro","7":"product_shipping_class-livraison-programmees-sur-1-a-4-jours","9":"first","10":"instock","11":"featured","12":"shipping-taxable","13":"purchasable","14":"product-type-simple"},"aioseo_notices":[],"jetpack_sharing_enabled":true,"_links":{"self":[{"href":"https:\/\/jessmarket.fr\/index.php\/wp-json\/wp\/v2\/product\/2002","targetHints":{"allow":["GET"]}}],"collection":[{"href":"https:\/\/jessmarket.fr\/index.php\/wp-json\/wp\/v2\/product"}],"about":[{"href":"https:\/\/jessmarket.fr\/index.php\/wp-json\/wp\/v2\/types\/product"}],"replies":[{"embeddable":true,"href":"https:\/\/jessmarket.fr\/index.php\/wp-json\/wp\/v2\/comments?post=2002"}],"wp:featuredmedia":[{"embeddable":true,"href":"https:\/\/jessmarket.fr\/index.php\/wp-json\/wp\/v2\/media\/1983"}],"wp:attachment":[{"href":"https:\/\/jessmarket.fr\/index.php\/wp-json\/wp\/v2\/media?parent=2002"}],"wp:term":[{"taxonomy":"product_brand","embeddable":true,"href":"https:\/\/jessmarket.fr\/index.php\/wp-json\/wp\/v2\/product_brand?post=2002"},{"taxonomy":"product_cat","embeddable":true,"href":"https:\/\/jessmarket.fr\/index.php\/wp-json\/wp\/v2\/product_cat?post=2002"},{"taxonomy":"product_tag","embeddable":true,"href":"https:\/\/jessmarket.fr\/index.php\/wp-json\/wp\/v2\/product_tag?post=2002"}],"curies":[{"name":"wp","href":"https:\/\/api.w.org\/{rel}","templated":true}]}}